t n(t) = 2*t**2 - 8*t - 12. Let z(j) = 4*m(j) - 7*n(j). Let a = 10 - 4. What are the prime factors of z(a)?
2, 3
Let t be (-1 - (5 + -3))*-1. Suppose -4*c - 288 = -t*i - 9*c, 4*i - 4*c = 384. Let m = i + -67. List the prime factors of m.
29
Suppose 11*c - 13*c = 62. Let l = c + 187. What are the prime factors of l?
2, 3, 13
Let u(f) = f**2 + 8*f + 10. Let b = -3 - 4. Let v be u(b). Suppose 0 = 7*d - v*d - 116. List the prime factors of d.
29
Suppose 0*f + 2000 = 4*f + 4*r, 0 = f + 2*r - 504. List the prime factors of f.
2, 31
Suppose -7*k + 279 = -10*k. Let q = k + 168. What are the prime factors of q?
3, 5
Suppose 2*f - 252 = -v, f - 255 = -v - 0*v. Suppose 227 + 29 = 4*w + 4*d, 3*d - v = -4*w. What are the prime factors of w?
2, 3, 11
Suppose 4*z = -z + 3*o - 13, -3*z + 4*o = 10. List the prime factors of -3*(-5)/(-6)*z.
5
Let u be (-19)/((-4)/(-8)*-1). Suppose -2*r = -5*w + u, 3*r = -4*w + 2 + 33. List the prime factors of ((-2)/w)/((-5)/260).
13
What are the prime factors of (104/6)/(56/4116)?
2, 7, 13
Suppose 0 = 5*r - 3*r - 8. Suppose -w + 37 = -a - 183, -5*a = -r*w + 884. What are the prime factors of w?
2, 3
Let z(h) = -19*h**3 - 7*h**2 - 4*h + 1. What are the prime factors of z(-2)?
7, 19
Suppose 0 = 3*z - 0*z. Suppose -5*a - f + 29 = z, -3*f + 2*f = 2*a - 14. Suppose -g + 25 = -a. What are the prime factors of g?
2, 3, 5
Let y(g) = -g**2 - 8*g + 4. Let h be y(-8). Suppose h*b + 13 = 49. List the prime factors of (-246)/b*(-3)/2.
41
Let j(k) = -k**2 - 23*k - 1. What are the prime factors of j(-19)?
3, 5
Suppose d - 9033 = -4*s, 3*s + 50*d - 47*d = 6768. What are the prime factors of s?
3, 251
Let i(d) = d**2 - 8*d + 11. Let h be i(7). Suppose 390 = h*a + a. List the prime factors of a.
2, 3, 13
Let q(l) be the first derivative of 5*l**2/2 - 31*l - 3. List the prime factors of q(13).
2, 17
Suppose -23 = -2*w + 17. Suppose 3*g = 7*g - w. Let i(t) = -t + 9. List the prime factors of i(g).
2
Let q be (-68)/(-8 + 4)*3. Let f be q/(-6) + (-2)/(-4). Let o(p) = -p**3 - 9*p**2 - 8*p + 14. List the prime factors of o(f).
2, 7
List the prime factors of (-102370)/(-25) + 288/40 + -7.
3, 5, 7, 13
Let d(z) = z**2 + 122*z + 75. List the prime factors of d(27).
2, 3, 683
Suppose -3*o + 3 = -0*o, 4*i + 3*o - 719 = 0. List the prime factors of i.
179
Suppose 3391 - 2621 = 5*p. What are the prime factors of p?
2, 7, 11
Suppose 2*c - 9 = -c. Suppose -4*y - 4*w + 0*w + 52 = 0, -c*y + 33 = 5*w. What are the prime factors of 0 + (y - (3 - 1))?
2, 7
Let x(m) = m**3 - m**2 + m + 7. Let f be x(0). Let g = f + 141. What are the prime factors of g?
2, 37
Let w(d) = -d**3 - 4*d**2 - 5*d - 4. Let g be w(-3). Suppose -3*y + 2*c - 653 = g*y, 0 = 4*y - 2*c + 524. Let q = 195 + y. What are the prime factors of q?
2, 3, 11
Suppose 2*g + 907 = t, -3*t - g + 2735 = -0*g. Suppose -4*y = k - t, y + 2*k = -0*k + 219. What are the prime factors of y?
229
Let q(k) = 3*k - 14. Let x(y) = 4*y - 14. Let j(b) = 6*q(b) - 5*x(b). Let l be j(-16). Suppose 0 = l*o - 14*o - 156. What are the prime factors of o?
3, 13
Let m(v) = -v**3 + 2*v**2 - v - 10. Let p be (1 + 2/(-3))/(6/(-54)). List the prime factors of m(p).
2, 19
Let l = -1 + 7. Suppose 0 = -0*w - l*w + 12. Suppose w*p = 4*b + 24 + 40, 104 = 2*p + 4*b. List the prime factors of p.
2, 3, 7
Suppose -168 = 2*m + 112. Let z = -100 - m. Suppose -4*j = -z - 4. What are the prime factors of j?
11
Suppose -1290 = -8*h - 2*h. Suppose h = 4*k - 115. List the prime factors of k.
61
Let f(q) be the third derivative of q**5/15 - q**4/8 - q**3/3 - 5*q**2. Let u be f(-3). Let n = u - 23. List the prime factors of n.
2, 5
Let c(d) = -d**3 + 4*d**2 + 2*d - 3. Let r be c(4). Suppose r*f - 91 - 39 = 0. List the prime factors of f.
2, 13
Let q(d) = 96*d - 535. What are the prime factors of q(20)?
5, 277
Suppose -24*r + 15*r = -1728. What are the prime factors of r?
2, 3
Let g(y) = y**2 - y + 1. Let z be g(3). What are the prime factors of (-5)/1*z/(70/(-92))?
2, 23
Suppose -51*b = -90*b + 128544. List the prime factors of b.
2, 103
Suppose f - 4 = -4*h - 19, 0 = 2*h + 8. Suppose -3*v + 541 + 1046 = 3*j, -4*j + 2092 = -2*v. List the prime factors of j/15 - 2/f.
3, 11
Let d be (-3)/6 + 211/2. Suppose 0 = -26*x + 37*x - 825. Let k = d - x. List the prime factors of k.
2, 3, 5
Suppose -2*p - 304 = -2*k, -k + 160 = p - 0. What are the prime factors of k?
2, 3, 13
Let o(v) = v**3 - 5*v**2 - 6*v + 8. Let a be o(6). Suppose -3*u - 25 = -a*u. List the prime factors of u.
5
Suppose -11414 = -31*v + 18*v. Suppose 0 = -3*y + v - 125. List the prime factors of y.
251
Let b(y) = -2*y - 20. Let t be b(-10). Suppose -4*q + 0 + 4 = t. List the prime factors of 9*(5 - q) + -1.
5, 7
Suppose 3*a = -4*r + 16, -2*a = -2*r + 1 + 7. Suppose 21*l - 4*l - 34 = 0. Suppose a*m - 3*m + 156 = 2*t, l*t - 6 = 0. List the prime factors of m.
2, 5
Suppose 1168 = 14*p + 2*p. List the prime factors of p.
73
Suppose 0 = 7*z - 44*z + 45917. List the prime factors of z.
17, 73
Let b(k) = 2*k**2 + 5*k + 1. Let n(q) = -q**3 + 6*q**2 + 3*q - 14. Let u be n(6). List the prime factors of b(u).
53
Let i = 844 - 120. List the prime factors of i.
2, 181
Let j(q) = 54*q**2 - 2*q - 2. List the prime factors of j(3).
2, 239
Suppose -5*l + 2 = -18. Suppose -z - 8 = 3*z - 4*j, 17 = l*z + j. Suppose -g + z*g = 2*u - 22, 5*u = -2*g + 69. What are the prime factors of u?
13
Suppose 11*m = 16*m - 75. Suppose -5*a - m = 3*q, -7 + 2 = q. Suppose -2*x = 5*n - 33, -5*x + a*x + 5*n = -135. What are the prime factors of x?
2, 3
Let n = -519 - -763. What are the prime factors of (n/3 + 0)*30/20?
2, 61
Let v(w) = 2*w**2 - 26*w - 8. Let c be v(19). Suppose -q - c = 4*q. Let i = 86 + q. What are the prime factors of i?
2, 3, 7
Suppose -3*w = 2*w - 5*r + 445, -w = 5*r + 83. Let k be 1/4 + w/(-32). Suppose 0 = -t - i + 18, -3*t + 48 = 4*i - k. List the prime factors of t.
3, 7
Suppose 0 = -4*k + 3*q + 11561, 95*k - 97*k = -3*q - 5773. List the prime factors of k.
2, 1447
Suppose 2*z - 15 = -3*z. Let w = 124 + -76. Suppose z*d = d + w. What are the prime factors of d?
2, 3
Let j = -25 - 138. Let b = j + 248. Suppose 4*f - m - 89 = 86, 2*f = 3*m + b. List the prime factors of f.
2, 11
Suppose -72*l - 1295 = -f - 77*l, -1307 = -f + l. What are the prime factors of f?
3, 5, 29
Let i be (-44)/3 - (-1)/(-3). Let g(p) be the first derivative of p**3/3 + 15*p**2/2 + 20*p + 114. List the prime factors of g(i).
2, 5
Let h(i) = -9*i - 1. Let v = -4 + -9. What are the prime factors of h(v)?
2, 29
Suppose 0 = -3*f - f + 40. Let j(k) = -2 - 5*k - 1 - f*k**2 - k**3 + 4*k**2 + 4*k. What are the prime factors of j(-6)?
3
Let p be (1*(-10)/6)/(20/(-72)). Suppose 779 - 197 = p*y. List the prime factors of y.
97
Suppose 316 = -10*t + 14*t. List the prime factors of t.
79
List the prime factors of (42512/24)/((-2)/(-3)).
2657
Let t(z) = -2*z**3 - 8*z**2 + 2. Let k = -39 - -34. What are the prime factors of t(k)?
2, 13
Suppose 3*n - n + 242 = 5*p, -4*p = 5*n + 638. Let x = 182 + n. List the prime factors of x.
2, 7
Let v(y) = y. Let d(g) = 3*g - 9. Suppose -z - 2 = -3*p, -p + 3*z = p + 8. Let r(w) = p*v(w) - d(w). List the prime factors of r(6).
3
Let f = 155 - 349. Let r be (f - -17)*(-4)/(-6). List the prime factors of (-2)/(-3) - r/3.
2, 5
Let b = 55 + -51. Suppose -2*x = -4*o - 294, 0*o + 4*o = -b. What are the prime factors of x?
5, 29
Suppose 4*y = 1053 + 1827. What are the prime factors of y?
2, 3, 5
Suppose -7*q - 36 = -5*q. Let j = -15 - q. List the prime factors of j.
3
Suppose 4*c = -2*c + 18. Suppose -c*v = -8*v. List the prime factors of (-2)/2*(v + -56).
2, 7
Suppose -4*k + 14 = -2*l, -l + 5*l = 3*k - 18. Suppose 0 = -n - k*o + 8, 2*n + o + 2 = 12. What are the prime factors of n?
2
Suppose -4*y - 170 = -2*t, y = 2*t - t - 85. What are the prime factors of (-117)/(-5) + (-34)/t?
23
Let n = -1514 - -2153. List the prime factors of n.
3, 71
Let i = 1 - -13. Let k = 60 + i. List the prime factors of k.
2, 37
Let f(p) = -3*p - p - 4*p. List the prime factors of f(-5).
2, 5
Let h(r) = -73*r + 66. What are the prime factors of h(-10)?
2, 199
Suppose -3*h - 4*d + 130 = 0, 172 = -0*h + 4*h + 5*d. Let n = -7 + h. List the prime factors of n.
31
Let l be (-9)/(-4) - 4/48*3. Let w be ((-4)/2)/(4/(-4)). Suppose 29 = w*x + 3*h,